or of 27251 and 56.
7
What is the highest common divisor of 2002 and 24726?
26
Calculate the greatest common factor of 33638 and 1210.
242
What is the highest common divisor of 25201 and 53273?
319
What is the greatest common divisor of 1237236 and 12?
12
What is the greatest common factor of 592 and 421948?
148
What is the greatest common divisor of 73 and 101?
1
What is the greatest common factor of 4114 and 106777?
187
What is the greatest common factor of 400 and 246650?
50
What is the greatest common divisor of 135 and 118818?
9
What is the highest common divisor of 360 and 458280?
360
What is the greatest common factor of 32 and 5901680?
16
What is the greatest common factor of 408 and 18462?
102
What is the highest common factor of 15543 and 792?
99
Calculate the greatest common factor of 70770 and 336.
42
Calculate the highest common divisor of 176 and 1106.
2
What is the greatest common factor of 58762 and 330?
22
Calculate the greatest common factor of 2794 and 42799.
127
What is the greatest common factor of 153 and 98244?
9
Calculate the greatest common factor of 4399 and 2241.
83
Calculate the highest common divisor of 28 and 38374.
14
What is the greatest common divisor of 1 and 4782?
1
What is the greatest common divisor of 38 and 2399548?
38
What is the greatest common divisor of 5576 and 184992?
328
What is the greatest common factor of 723 and 2118?
3
Calculate the highest common divisor of 3465 and 11385.
495
Calculate the highest common factor of 868 and 436.
4
What is the greatest common divisor of 47 and 562?
1
Calculate the greatest common factor of 63984 and 56.
8
What is the greatest common factor of 1738 and 1501?
79
What is the greatest common factor of 5364 and 67788?
36
Calculate the greatest common factor of 3562 and 130972.
274
What is the greatest common factor of 485 and 109513?
97
Calculate the highest common factor of 237513 and 246.
123
Calculate the highest common factor of 7569 and 198.
9
Calculate the greatest common factor of 24 and 4056.
24
What is the greatest common divisor of 357 and 14448?
21
Calculate the greatest common divisor of 4216 and 5440.
136
What is the highest common factor of 395 and 5696295?
395
What is the highest common divisor of 4312 and 8036?
196
What is the greatest common divisor of 1050444 and 96?
12
Calculate the highest common divisor of 18 and 242982.
18
Calculate the highest common factor of 1226568 and 96.
24
What is the greatest common factor of 666 and 145521?
333
Calculate the greatest common factor of 3078 and 3321.
81
What is the highest common divisor of 19 and 547523?
19
Calculate the greatest common factor of 57 and 7017.
3
Calculate the highest common factor of 18160 and 220.
20
Calculate the highest common divisor of 56 and 454384.
56
Calculate the highest common divisor of 10452 and 86028.
804
Calculate the highest common factor of 1845 and 257625.
45
Calculate the highest common divisor of 28728 and 26904.
456
Calculate the highest common divisor of 1808 and 2000.
16
What is the greatest common divisor of 72 and 123408?
72
Calculate the highest common divisor of 15 and 19101120.
15
What is the highest common factor of 14056 and 1522064?
2008
What is the highest common factor of 20 and 17390?
10
Calculate the greatest common factor of 691815 and 34.
17
Calculate the highest common divisor of 181 and 61.
1
Calculate the highest common factor of 133874 and 4199.
247
Calculate the greatest common factor of 65750 and 250.
250
Calculate the highest common divisor of 1133 and 146363.
103
What is the highest common divisor of 522 and 190269?
261
Calculate the highest common divisor of 708 and 125670.
354
What is the greatest common divisor of 435 and 1290?
15
What is the highest common factor of 534 and 46102?
178
What is the highest common divisor of 1100660 and 22?
22
Calculate the greatest common factor of 1284 and 3204.
12
Calculate the highest common divisor of 2624 and 329024.
64
What is the greatest common divisor of 1395 and 225?
45
What is the highest common divisor of 83 and 4059447?
83
What is the greatest common divisor of 741032 and 14348?
844
What is the greatest common factor of 2 and 29328?
2
What is the greatest common divisor of 350 and 79000?
50
Calculate the greatest common factor of 104409 and 18.
9
Calculate the greatest common factor of 92984 and 985.
197
What is the greatest common factor of 122 and 438773?
61
What is the highest common divisor of 5383 and 91?
7
What is the highest common factor of 26114 and 22?
22
What is the highest common factor of 1733494 and 2?
2
Calculate the greatest common divisor of 129 and 210399.
129
Calculate the highest common divisor of 124116 and 72.
12
Calculate the greatest common factor of 374 and 1284503.
187
Calculate the highest common divisor of 1071970 and 70.
10
What is the greatest common factor of 82 and 70561?
41
Calculate the greatest common divisor of 8581820 and 130.
130
Calculate the greatest common divisor of 136 and 16524.
68
Calculate the greatest common divisor of 1827 and 1316658.
609
Calculate the greatest common factor of 4429 and 1957.
103
What is the highest common divisor of 54005 and 2765?
35
What is the highest common factor of 78343 and 1727?
157
Calculate the greatest common factor of 101868 and 2496.
156
What is the greatest common factor of 32508 and 280833?
903
Calculate the highest common factor of 27 and 4041.
9
What is the highest common factor of 2 and 264?
2
Calculate the greatest common divisor of 781 and 1815.
11
What is the greatest common divisor of 145035 and 3960?
495
Calculate the greatest common divisor of 1297575 and 4745.
365
Calculate the highest common divisor of 904 and 9605.
113
What is the greatest common factor of 224 and 4337280?
32
Calculate the greatest common divisor of 1938 and 1054.
34
Calculate the greatest common factor of 166742 and 2.
2
What is the highest common divisor of 5112 and 2089956?
852
Calculate the highest common divisor of 23393 and 25591.
157
Calculate the greatest common divisor of 8690327 and 97.
97
Calculate the highest common divisor of 5354940 and 930.
930
Calculate the greatest common divisor of 97168 and 112.
16
What is the highest common divisor of 67156 and 13692?
652
What is the greatest common divisor of 978 and 918?
6
What is the greatest common divisor of 402 and 146462?
134
Calculate the highest common factor of 98 and 134162.
98
What is the greatest common divisor of 214 and 2400?
2
What is the greatest common divisor of 455 and 3757?
13
What is the highest common divisor of 43815 and 34155?
345
Calculate the highest common factor of 204404 and 9316.
548
Calculate the highest common divisor of 5535 and 1517.
41
Calculate the greatest common divisor of 76 and 4904.
4
Calculate the highest common factor of 90 and 300.
30
What is the greatest common divisor of 2874187 and 19?
19
Calculate the greatest common divisor of 116946 and 1602.
1602
What is the highest common divisor of 13361 and 2586?
431
What is the highest common factor of 3804 and 156?
12
Calculate the highest common divisor of 28 and 2635108.
28
What is the greatest common factor of 759 and 1628?
11
What is the highest common divisor of 30207 and 2?
1
Calculate the greatest common divisor of 242647 and 2.
1
Calculate the greatest common divisor of 7154 and 225862.
1022
Calculate the greatest common factor of 3502 and 23690.
206
What is the highest common divisor of 121362 and 17363?
179
Calculate the greatest common factor of 1758735 and 255.
255
Calculate the highest common divisor of 1678 and 12585.
839
What is the greatest common factor of 76 and 8?
4
What is the highest common divisor of 15186 and 123?
3
What is the greatest common divisor of 21 and 3941931?
21
Calculate the greatest common factor of 36 and 1171908.
36
What is the greatest common divisor of 62 and 914?
2
Calculate the greatest common divisor of 232 and 526408.
232
Calculate the highest common divisor of 67460 and 11460.
20
What is the greatest common divisor of 10534 and 874?
46
What is the highest common factor of 22167 and 457297?
821
What is the highest common divisor of 783 and 1073?
29
Calculate the highest common factor of 3240 and 5860.
20
What is the highest common divisor of 36517